{"id":113,"date":"2021-07-12T08:51:14","date_gmt":"2021-07-12T08:51:14","guid":{"rendered":"https:\/\/szablon.pawelkepa.pl\/demo1\/?page_id=113"},"modified":"2025-09-05T16:45:37","modified_gmt":"2025-09-05T14:45:37","slug":"galeria","status":"publish","type":"page","link":"https:\/\/dreno.com.pl\/index.php\/galeria\/","title":{"rendered":"Galeria"},"content":{"rendered":"\n<div class=\"wp-block-getwid-section alignfull alignfull getwid-section-content-custom-width\"><div class=\"wp-block-getwid-section__wrapper getwid-padding-top-large getwid-padding-bottom-large getwid-padding-left-medium getwid-padding-right-medium\"><div class=\"wp-block-getwid-section__inner-wrapper\" style=\"max-width:1140px\"><div class=\"wp-block-getwid-section__background-holder\"><div class=\"wp-block-getwid-section__background\"><\/div><div class=\"wp-block-getwid-section__foreground\"><\/div><\/div><div class=\"wp-block-getwid-section__content\"><div class=\"wp-block-getwid-section__inner-content\">\n<figure class=\"wp-block-gallery has-nested-images columns-3 is-cropped wp-block-gallery-1 is-layout-flex wp-block-gallery-is-layout-flex\">\n<figure class=\"wp-block-image size-large\"><a href=\"https:\/\/dreno.com.pl\/wp-content\/uploads\/2025\/09\/1000082603-scaled.jpg\"><img loading=\"lazy\" decoding=\"async\" width=\"1024\" height=\"768\" data-id=\"736\" src=\"https:\/\/dreno.com.pl\/wp-content\/uploads\/2025\/09\/1000082603-1024x768.jpg\" alt=\"\" class=\"wp-image-736\" srcset=\"https:\/\/dreno.com.pl\/wp-content\/uploads\/2025\/09\/1000082603-1024x768.jpg 1024w, https:\/\/dreno.com.pl\/wp-content\/uploads\/2025\/09\/1000082603-300x225.jpg 300w, https:\/\/dreno.com.pl\/wp-content\/uploads\/2025\/09\/1000082603-768x576.jpg 768w, https:\/\/dreno.com.pl\/wp-content\/uploads\/2025\/09\/1000082603-1536x1152.jpg 1536w, https:\/\/dreno.com.pl\/wp-content\/uploads\/2025\/09\/1000082603-2048x1536.jpg 2048w\" sizes=\"auto, (max-width: 1024px) 100vw, 1024px\" \/><\/a><\/figure>\n\n\n\n<figure class=\"wp-block-image size-large\"><a href=\"https:\/\/dreno.com.pl\/wp-content\/uploads\/2025\/09\/1000082629-scaled.jpg\"><img loading=\"lazy\" decoding=\"async\" width=\"1024\" height=\"768\" data-id=\"783\" src=\"https:\/\/dreno.com.pl\/wp-content\/uploads\/2025\/09\/1000082629-1024x768.jpg\" alt=\"\" class=\"wp-image-783\" srcset=\"https:\/\/dreno.com.pl\/wp-content\/uploads\/2025\/09\/1000082629-1024x768.jpg 1024w, https:\/\/dreno.com.pl\/wp-content\/uploads\/2025\/09\/1000082629-300x225.jpg 300w, https:\/\/dreno.com.pl\/wp-content\/uploads\/2025\/09\/1000082629-768x576.jpg 768w, https:\/\/dreno.com.pl\/wp-content\/uploads\/2025\/09\/1000082629-1536x1152.jpg 1536w, https:\/\/dreno.com.pl\/wp-content\/uploads\/2025\/09\/1000082629-2048x1536.jpg 2048w\" sizes=\"auto, (max-width: 1024px) 100vw, 1024px\" \/><\/a><\/figure>\n\n\n\n<figure class=\"wp-block-image size-large\"><a href=\"https:\/\/dreno.com.pl\/wp-content\/uploads\/2025\/09\/1000082601-scaled.jpg\"><img loading=\"lazy\" decoding=\"async\" width=\"1024\" height=\"768\" data-id=\"782\" src=\"https:\/\/dreno.com.pl\/wp-content\/uploads\/2025\/09\/1000082601-1024x768.jpg\" alt=\"\" class=\"wp-image-782\" srcset=\"https:\/\/dreno.com.pl\/wp-content\/uploads\/2025\/09\/1000082601-1024x768.jpg 1024w, https:\/\/dreno.com.pl\/wp-content\/uploads\/2025\/09\/1000082601-300x225.jpg 300w, https:\/\/dreno.com.pl\/wp-content\/uploads\/2025\/09\/1000082601-768x576.jpg 768w, https:\/\/dreno.com.pl\/wp-content\/uploads\/2025\/09\/1000082601-1536x1152.jpg 1536w, https:\/\/dreno.com.pl\/wp-content\/uploads\/2025\/09\/1000082601-2048x1536.jpg 2048w\" sizes=\"auto, (max-width: 1024px) 100vw, 1024px\" \/><\/a><\/figure>\n\n\n\n<figure class=\"wp-block-image size-large\"><a href=\"https:\/\/dreno.com.pl\/wp-content\/uploads\/2025\/09\/1000082257-1-scaled.jpg\"><img loading=\"lazy\" decoding=\"async\" width=\"1024\" height=\"769\" data-id=\"710\" src=\"https:\/\/dreno.com.pl\/wp-content\/uploads\/2025\/09\/1000082257-1-1024x769.jpg\" alt=\"\" class=\"wp-image-710\" srcset=\"https:\/\/dreno.com.pl\/wp-content\/uploads\/2025\/09\/1000082257-1-1024x769.jpg 1024w, https:\/\/dreno.com.pl\/wp-content\/uploads\/2025\/09\/1000082257-1-300x225.jpg 300w, https:\/\/dreno.com.pl\/wp-content\/uploads\/2025\/09\/1000082257-1-768x577.jpg 768w, https:\/\/dreno.com.pl\/wp-content\/uploads\/2025\/09\/1000082257-1-1536x1154.jpg 1536w, https:\/\/dreno.com.pl\/wp-content\/uploads\/2025\/09\/1000082257-1-2048x1539.jpg 2048w\" sizes=\"auto, (max-width: 1024px) 100vw, 1024px\" \/><\/a><\/figure>\n\n\n\n<figure class=\"wp-block-image size-large\"><a href=\"https:\/\/dreno.com.pl\/wp-content\/uploads\/2025\/09\/1000082264-scaled.jpg\"><img loading=\"lazy\" decoding=\"async\" width=\"1024\" height=\"768\" data-id=\"784\" src=\"https:\/\/dreno.com.pl\/wp-content\/uploads\/2025\/09\/1000082264-1024x768.jpg\" alt=\"\" class=\"wp-image-784\" srcset=\"https:\/\/dreno.com.pl\/wp-content\/uploads\/2025\/09\/1000082264-1024x768.jpg 1024w, https:\/\/dreno.com.pl\/wp-content\/uploads\/2025\/09\/1000082264-300x225.jpg 300w, https:\/\/dreno.com.pl\/wp-content\/uploads\/2025\/09\/1000082264-768x576.jpg 768w, https:\/\/dreno.com.pl\/wp-content\/uploads\/2025\/09\/1000082264-1536x1152.jpg 1536w, https:\/\/dreno.com.pl\/wp-content\/uploads\/2025\/09\/1000082264-2048x1536.jpg 2048w\" sizes=\"auto, (max-width: 1024px) 100vw, 1024px\" \/><\/a><\/figure>\n\n\n\n<figure class=\"wp-block-image size-large\"><a href=\"https:\/\/dreno.com.pl\/wp-content\/uploads\/2025\/09\/1000082272-scaled.jpg\"><img loading=\"lazy\" decoding=\"async\" width=\"1024\" height=\"768\" data-id=\"745\" src=\"https:\/\/dreno.com.pl\/wp-content\/uploads\/2025\/09\/1000082272-1024x768.jpg\" alt=\"\" class=\"wp-image-745\" srcset=\"https:\/\/dreno.com.pl\/wp-content\/uploads\/2025\/09\/1000082272-1024x768.jpg 1024w, https:\/\/dreno.com.pl\/wp-content\/uploads\/2025\/09\/1000082272-300x225.jpg 300w, https:\/\/dreno.com.pl\/wp-content\/uploads\/2025\/09\/1000082272-768x576.jpg 768w, https:\/\/dreno.com.pl\/wp-content\/uploads\/2025\/09\/1000082272-1536x1152.jpg 1536w, https:\/\/dreno.com.pl\/wp-content\/uploads\/2025\/09\/1000082272-2048x1536.jpg 2048w\" sizes=\"auto, (max-width: 1024px) 100vw, 1024px\" \/><\/a><\/figure>\n\n\n\n<figure class=\"wp-block-image size-large\"><a href=\"https:\/\/dreno.com.pl\/wp-content\/uploads\/2025\/09\/1000082597-scaled.jpg\"><img loading=\"lazy\" decoding=\"async\" width=\"1024\" height=\"768\" data-id=\"675\" src=\"https:\/\/dreno.com.pl\/wp-content\/uploads\/2025\/09\/1000082597-1024x768.jpg\" alt=\"\" class=\"wp-image-675\" srcset=\"https:\/\/dreno.com.pl\/wp-content\/uploads\/2025\/09\/1000082597-1024x768.jpg 1024w, https:\/\/dreno.com.pl\/wp-content\/uploads\/2025\/09\/1000082597-300x225.jpg 300w, https:\/\/dreno.com.pl\/wp-content\/uploads\/2025\/09\/1000082597-768x576.jpg 768w, https:\/\/dreno.com.pl\/wp-content\/uploads\/2025\/09\/1000082597-1536x1152.jpg 1536w, https:\/\/dreno.com.pl\/wp-content\/uploads\/2025\/09\/1000082597-2048x1536.jpg 2048w\" sizes=\"auto, (max-width: 1024px) 100vw, 1024px\" \/><\/a><\/figure>\n\n\n\n<figure class=\"wp-block-image size-large\"><a href=\"https:\/\/dreno.com.pl\/wp-content\/uploads\/2025\/09\/1000082586-scaled.jpg\"><img loading=\"lazy\" decoding=\"async\" width=\"1024\" height=\"768\" data-id=\"746\" src=\"https:\/\/dreno.com.pl\/wp-content\/uploads\/2025\/09\/1000082586-1024x768.jpg\" alt=\"\" class=\"wp-image-746\" srcset=\"https:\/\/dreno.com.pl\/wp-content\/uploads\/2025\/09\/1000082586-1024x768.jpg 1024w, https:\/\/dreno.com.pl\/wp-content\/uploads\/2025\/09\/1000082586-300x225.jpg 300w, https:\/\/dreno.com.pl\/wp-content\/uploads\/2025\/09\/1000082586-768x576.jpg 768w, https:\/\/dreno.com.pl\/wp-content\/uploads\/2025\/09\/1000082586-1536x1152.jpg 1536w, https:\/\/dreno.com.pl\/wp-content\/uploads\/2025\/09\/1000082586-2048x1536.jpg 2048w\" sizes=\"auto, (max-width: 1024px) 100vw, 1024px\" \/><\/a><\/figure>\n\n\n\n<figure class=\"wp-block-image size-large\"><a href=\"https:\/\/dreno.com.pl\/wp-content\/uploads\/2025\/09\/1000082582-scaled.jpg\"><img loading=\"lazy\" decoding=\"async\" width=\"1024\" height=\"768\" data-id=\"703\" src=\"https:\/\/dreno.com.pl\/wp-content\/uploads\/2025\/09\/1000082582-1024x768.jpg\" alt=\"\" class=\"wp-image-703\" srcset=\"https:\/\/dreno.com.pl\/wp-content\/uploads\/2025\/09\/1000082582-1024x768.jpg 1024w, https:\/\/dreno.com.pl\/wp-content\/uploads\/2025\/09\/1000082582-300x225.jpg 300w, https:\/\/dreno.com.pl\/wp-content\/uploads\/2025\/09\/1000082582-768x576.jpg 768w, https:\/\/dreno.com.pl\/wp-content\/uploads\/2025\/09\/1000082582-1536x1151.jpg 1536w, https:\/\/dreno.com.pl\/wp-content\/uploads\/2025\/09\/1000082582-2048x1535.jpg 2048w\" sizes=\"auto, (max-width: 1024px) 100vw, 1024px\" \/><\/a><\/figure>\n\n\n\n<figure class=\"wp-block-image size-full\"><a href=\"https:\/\/dreno.com.pl\/wp-content\/uploads\/2025\/09\/mdreno-3.jpg\"><img loading=\"lazy\" decoding=\"async\" width=\"900\" height=\"600\" data-id=\"786\" src=\"https:\/\/dreno.com.pl\/wp-content\/uploads\/2025\/09\/mdreno-3.jpg\" alt=\"\" class=\"wp-image-786\" srcset=\"https:\/\/dreno.com.pl\/wp-content\/uploads\/2025\/09\/mdreno-3.jpg 900w, https:\/\/dreno.com.pl\/wp-content\/uploads\/2025\/09\/mdreno-3-300x200.jpg 300w, https:\/\/dreno.com.pl\/wp-content\/uploads\/2025\/09\/mdreno-3-768x512.jpg 768w\" sizes=\"auto, (max-width: 900px) 100vw, 900px\" \/><\/a><\/figure>\n\n\n\n<figure class=\"wp-block-image size-large\"><a href=\"https:\/\/dreno.com.pl\/wp-content\/uploads\/2025\/09\/1000082258-scaled.jpg\"><img loading=\"lazy\" decoding=\"async\" width=\"1024\" height=\"768\" data-id=\"787\" src=\"https:\/\/dreno.com.pl\/wp-content\/uploads\/2025\/09\/1000082258-1024x768.jpg\" alt=\"\" class=\"wp-image-787\" srcset=\"https:\/\/dreno.com.pl\/wp-content\/uploads\/2025\/09\/1000082258-1024x768.jpg 1024w, https:\/\/dreno.com.pl\/wp-content\/uploads\/2025\/09\/1000082258-300x225.jpg 300w, https:\/\/dreno.com.pl\/wp-content\/uploads\/2025\/09\/1000082258-768x576.jpg 768w, https:\/\/dreno.com.pl\/wp-content\/uploads\/2025\/09\/1000082258-1536x1152.jpg 1536w, https:\/\/dreno.com.pl\/wp-content\/uploads\/2025\/09\/1000082258-2048x1536.jpg 2048w\" sizes=\"auto, (max-width: 1024px) 100vw, 1024px\" \/><\/a><\/figure>\n\n\n\n<figure class=\"wp-block-image size-large\"><a href=\"https:\/\/dreno.com.pl\/wp-content\/uploads\/2025\/09\/1000082273-scaled.jpg\"><img loading=\"lazy\" decoding=\"async\" width=\"1024\" height=\"768\" data-id=\"788\" src=\"https:\/\/dreno.com.pl\/wp-content\/uploads\/2025\/09\/1000082273-1024x768.jpg\" alt=\"\" class=\"wp-image-788\" srcset=\"https:\/\/dreno.com.pl\/wp-content\/uploads\/2025\/09\/1000082273-1024x768.jpg 1024w, https:\/\/dreno.com.pl\/wp-content\/uploads\/2025\/09\/1000082273-300x225.jpg 300w, https:\/\/dreno.com.pl\/wp-content\/uploads\/2025\/09\/1000082273-768x576.jpg 768w, https:\/\/dreno.com.pl\/wp-content\/uploads\/2025\/09\/1000082273-1536x1152.jpg 1536w, https:\/\/dreno.com.pl\/wp-content\/uploads\/2025\/09\/1000082273-2048x1536.jpg 2048w\" sizes=\"auto, (max-width: 1024px) 100vw, 1024px\" \/><\/a><\/figure>\n\n\n\n<figure class=\"wp-block-image size-large\"><a href=\"https:\/\/dreno.com.pl\/wp-content\/uploads\/2025\/09\/1000082510-scaled.jpg\"><img loading=\"lazy\" decoding=\"async\" width=\"1024\" height=\"768\" data-id=\"790\" src=\"https:\/\/dreno.com.pl\/wp-content\/uploads\/2025\/09\/1000082510-1024x768.jpg\" alt=\"\" class=\"wp-image-790\" srcset=\"https:\/\/dreno.com.pl\/wp-content\/uploads\/2025\/09\/1000082510-1024x768.jpg 1024w, https:\/\/dreno.com.pl\/wp-content\/uploads\/2025\/09\/1000082510-300x225.jpg 300w, https:\/\/dreno.com.pl\/wp-content\/uploads\/2025\/09\/1000082510-768x576.jpg 768w, https:\/\/dreno.com.pl\/wp-content\/uploads\/2025\/09\/1000082510-1536x1152.jpg 1536w, https:\/\/dreno.com.pl\/wp-content\/uploads\/2025\/09\/1000082510-2048x1536.jpg 2048w\" sizes=\"auto, (max-width: 1024px) 100vw, 1024px\" \/><\/a><\/figure>\n\n\n\n<figure class=\"wp-block-image size-large\"><a href=\"https:\/\/dreno.com.pl\/wp-content\/uploads\/2025\/09\/1000082566-scaled.jpg\"><img loading=\"lazy\" decoding=\"async\" width=\"1024\" height=\"768\" data-id=\"696\" src=\"https:\/\/dreno.com.pl\/wp-content\/uploads\/2025\/09\/1000082566-1024x768.jpg\" alt=\"\" class=\"wp-image-696\" srcset=\"https:\/\/dreno.com.pl\/wp-content\/uploads\/2025\/09\/1000082566-1024x768.jpg 1024w, https:\/\/dreno.com.pl\/wp-content\/uploads\/2025\/09\/1000082566-300x225.jpg 300w, https:\/\/dreno.com.pl\/wp-content\/uploads\/2025\/09\/1000082566-768x576.jpg 768w, https:\/\/dreno.com.pl\/wp-content\/uploads\/2025\/09\/1000082566-1536x1152.jpg 1536w, https:\/\/dreno.com.pl\/wp-content\/uploads\/2025\/09\/1000082566-2048x1536.jpg 2048w\" sizes=\"auto, (max-width: 1024px) 100vw, 1024px\" \/><\/a><\/figure>\n\n\n\n<figure class=\"wp-block-image size-large\"><a href=\"https:\/\/dreno.com.pl\/wp-content\/uploads\/2025\/09\/1000082561-scaled.jpg\"><img loading=\"lazy\" decoding=\"async\" width=\"1024\" height=\"768\" data-id=\"792\" src=\"https:\/\/dreno.com.pl\/wp-content\/uploads\/2025\/09\/1000082561-1024x768.jpg\" alt=\"\" class=\"wp-image-792\" srcset=\"https:\/\/dreno.com.pl\/wp-content\/uploads\/2025\/09\/1000082561-1024x768.jpg 1024w, https:\/\/dreno.com.pl\/wp-content\/uploads\/2025\/09\/1000082561-300x225.jpg 300w, https:\/\/dreno.com.pl\/wp-content\/uploads\/2025\/09\/1000082561-768x576.jpg 768w, https:\/\/dreno.com.pl\/wp-content\/uploads\/2025\/09\/1000082561-1536x1152.jpg 1536w, https:\/\/dreno.com.pl\/wp-content\/uploads\/2025\/09\/1000082561-2048x1536.jpg 2048w\" sizes=\"auto, (max-width: 1024px) 100vw, 1024px\" \/><\/a><\/figure>\n\n\n\n<figure class=\"wp-block-image size-large\"><a href=\"https:\/\/dreno.com.pl\/wp-content\/uploads\/2025\/09\/1000082260-scaled.jpg\"><img loading=\"lazy\" decoding=\"async\" width=\"1024\" height=\"768\" data-id=\"793\" src=\"https:\/\/dreno.com.pl\/wp-content\/uploads\/2025\/09\/1000082260-1024x768.jpg\" alt=\"\" class=\"wp-image-793\" srcset=\"https:\/\/dreno.com.pl\/wp-content\/uploads\/2025\/09\/1000082260-1024x768.jpg 1024w, https:\/\/dreno.com.pl\/wp-content\/uploads\/2025\/09\/1000082260-300x225.jpg 300w, https:\/\/dreno.com.pl\/wp-content\/uploads\/2025\/09\/1000082260-768x576.jpg 768w, https:\/\/dreno.com.pl\/wp-content\/uploads\/2025\/09\/1000082260-1536x1152.jpg 1536w, https:\/\/dreno.com.pl\/wp-content\/uploads\/2025\/09\/1000082260-2048x1536.jpg 2048w\" sizes=\"auto, (max-width: 1024px) 100vw, 1024px\" \/><\/a><\/figure>\n\n\n\n<figure class=\"wp-block-image size-large\"><a href=\"https:\/\/dreno.com.pl\/wp-content\/uploads\/2025\/09\/1000082263-scaled.jpg\"><img loading=\"lazy\" decoding=\"async\" width=\"1024\" height=\"768\" data-id=\"794\" src=\"https:\/\/dreno.com.pl\/wp-content\/uploads\/2025\/09\/1000082263-1024x768.jpg\" alt=\"\" class=\"wp-image-794\" srcset=\"https:\/\/dreno.com.pl\/wp-content\/uploads\/2025\/09\/1000082263-1024x768.jpg 1024w, https:\/\/dreno.com.pl\/wp-content\/uploads\/2025\/09\/1000082263-300x225.jpg 300w, https:\/\/dreno.com.pl\/wp-content\/uploads\/2025\/09\/1000082263-768x576.jpg 768w, https:\/\/dreno.com.pl\/wp-content\/uploads\/2025\/09\/1000082263-1536x1152.jpg 1536w, https:\/\/dreno.com.pl\/wp-content\/uploads\/2025\/09\/1000082263-2048x1536.jpg 2048w\" sizes=\"auto, (max-width: 1024px) 100vw, 1024px\" \/><\/a><\/figure>\n\n\n\n<figure class=\"wp-block-image size-large\"><a href=\"https:\/\/dreno.com.pl\/wp-content\/uploads\/2025\/09\/1000092456.jpg\"><img loading=\"lazy\" decoding=\"async\" width=\"1024\" height=\"769\" data-id=\"796\" src=\"https:\/\/dreno.com.pl\/wp-content\/uploads\/2025\/09\/1000092456-1024x769.jpg\" alt=\"\" class=\"wp-image-796\" srcset=\"https:\/\/dreno.com.pl\/wp-content\/uploads\/2025\/09\/1000092456-1024x769.jpg 1024w, https:\/\/dreno.com.pl\/wp-content\/uploads\/2025\/09\/1000092456-300x225.jpg 300w, https:\/\/dreno.com.pl\/wp-content\/uploads\/2025\/09\/1000092456-768x577.jpg 768w, https:\/\/dreno.com.pl\/wp-content\/uploads\/2025\/09\/1000092456.jpg 1500w\" sizes=\"auto, (max-width: 1024px) 100vw, 1024px\" \/><\/a><\/figure>\n\n\n\n<figure class=\"wp-block-image size-large\"><a href=\"https:\/\/dreno.com.pl\/wp-content\/uploads\/2025\/09\/1000082578-scaled.jpg\"><img loading=\"lazy\" decoding=\"async\" width=\"1024\" height=\"768\" data-id=\"797\" src=\"https:\/\/dreno.com.pl\/wp-content\/uploads\/2025\/09\/1000082578-1024x768.jpg\" alt=\"\" class=\"wp-image-797\" srcset=\"https:\/\/dreno.com.pl\/wp-content\/uploads\/2025\/09\/1000082578-1024x768.jpg 1024w, https:\/\/dreno.com.pl\/wp-content\/uploads\/2025\/09\/1000082578-300x225.jpg 300w, https:\/\/dreno.com.pl\/wp-content\/uploads\/2025\/09\/1000082578-768x576.jpg 768w, https:\/\/dreno.com.pl\/wp-content\/uploads\/2025\/09\/1000082578-1536x1152.jpg 1536w, https:\/\/dreno.com.pl\/wp-content\/uploads\/2025\/09\/1000082578-2048x1536.jpg 2048w\" sizes=\"auto, (max-width: 1024px) 100vw, 1024px\" \/><\/a><\/figure>\n\n\n\n<figure class=\"wp-block-image size-large\"><a href=\"https:\/\/dreno.com.pl\/wp-content\/uploads\/2025\/09\/1000082509-scaled.jpg\"><img loading=\"lazy\" decoding=\"async\" width=\"1024\" height=\"768\" data-id=\"798\" src=\"https:\/\/dreno.com.pl\/wp-content\/uploads\/2025\/09\/1000082509-1024x768.jpg\" alt=\"\" class=\"wp-image-798\" srcset=\"https:\/\/dreno.com.pl\/wp-content\/uploads\/2025\/09\/1000082509-1024x768.jpg 1024w, https:\/\/dreno.com.pl\/wp-content\/uploads\/2025\/09\/1000082509-300x225.jpg 300w, https:\/\/dreno.com.pl\/wp-content\/uploads\/2025\/09\/1000082509-768x576.jpg 768w, https:\/\/dreno.com.pl\/wp-content\/uploads\/2025\/09\/1000082509-1536x1152.jpg 1536w, https:\/\/dreno.com.pl\/wp-content\/uploads\/2025\/09\/1000082509-2048x1536.jpg 2048w\" sizes=\"auto, (max-width: 1024px) 100vw, 1024px\" \/><\/a><\/figure>\n\n\n\n<figure class=\"wp-block-image size-large\"><a href=\"https:\/\/dreno.com.pl\/wp-content\/uploads\/2025\/09\/1000082613-scaled.jpg\"><img loading=\"lazy\" decoding=\"async\" width=\"1024\" height=\"768\" data-id=\"799\" src=\"https:\/\/dreno.com.pl\/wp-content\/uploads\/2025\/09\/1000082613-1024x768.jpg\" alt=\"\" class=\"wp-image-799\" srcset=\"https:\/\/dreno.com.pl\/wp-content\/uploads\/2025\/09\/1000082613-1024x768.jpg 1024w, https:\/\/dreno.com.pl\/wp-content\/uploads\/2025\/09\/1000082613-300x225.jpg 300w, https:\/\/dreno.com.pl\/wp-content\/uploads\/2025\/09\/1000082613-768x576.jpg 768w, https:\/\/dreno.com.pl\/wp-content\/uploads\/2025\/09\/1000082613-1536x1152.jpg 1536w, https:\/\/dreno.com.pl\/wp-content\/uploads\/2025\/09\/1000082613-2048x1536.jpg 2048w\" sizes=\"auto, (max-width: 1024px) 100vw, 1024px\" \/><\/a><\/figure>\n<\/figure>\n<\/div><\/div><\/div><\/div><\/div>\n\n\n\n<div class=\"wp-block-getwid-section alignfull getwid-section-content-custom-width\"><div class=\"wp-block-getwid-section__wrapper getwid-padding-top-large getwid-padding-bottom-large getwid-padding-left-medium getwid-padding-right-medium\" style=\"min-height:70vh\"><div class=\"wp-block-getwid-section__inner-wrapper\" style=\"max-width:1140px\"><div class=\"wp-block-getwid-section__background-holder\"><div class=\"wp-block-getwid-section__background\" style=\"background-image:url('https:\/\/dreno.com.pl\/wp-content\/uploads\/2025\/09\/mdreno-82.jpg')\"><div class=\"wp-block-getwid-section__background-image-wrapper\"><img decoding=\"async\" class=\"wp-block-getwid-section__background-image\" src=\"https:\/\/dreno.com.pl\/wp-content\/uploads\/2025\/09\/mdreno-82.jpg\" alt=\"\"\/><\/div><\/div><div class=\"wp-block-getwid-section__foreground\" style=\"opacity:0.65;background-color:#000000\"><\/div><\/div><div class=\"wp-block-getwid-section__content\"><div class=\"wp-block-getwid-section__inner-content\">\n<div class=\"wp-block-getwid-advanced-heading\" style=\"margin-bottom:0px;margin-top:0px\"><span class=\"wp-block-getwid-advanced-heading__content has-text-color\" style=\"text-align:left;color:#ffffff\">Chcesz z\u0142o\u017cy\u0107 zam\u00f3wienie?<\/span><\/div>\n\n\n\n<div class=\"wp-block-getwid-advanced-heading\" style=\"margin-bottom:30px;margin-top:10px\"><h2 class=\"wp-block-getwid-advanced-heading__content has-text-color\" style=\"text-align:left;color:#ffffff\">ZG\u0141O\u015a SI\u0118 <br>PO BEZP\u0141ATN\u0104 WYCEN\u0118<\/h2><\/div>\n\n\n\n<div class=\"wp-block-getwid-advanced-spacer\" style=\"height:20px\" aria-hidden=\"true\"><\/div>\n\n\n\n<div class=\"wp-block-button btn\"><a class=\"wp-block-button__link has-white-color has-luminous-vivid-orange-background-color has-text-color has-background wp-element-button\" href=\"tel:+48183516450\" style=\"border-radius:1px\">Skontaktuj si\u0119 z nami<\/a><\/div>\n<\/div><\/div><\/div><\/div><\/div>\n\n\n\n<p><\/p>\n","protected":false},"excerpt":{"rendered":"","protected":false},"author":1,"featured_media":774,"parent":0,"menu_order":0,"comment_status":"closed","ping_status":"closed","template":"","meta":{"footnotes":""},"class_list":["post-113","page","type-page","status-publish","has-post-thumbnail","hentry"],"_links":{"self":[{"href":"https:\/\/dreno.com.pl\/index.php\/wp-json\/wp\/v2\/pages\/113","targetHints":{"allow":["GET"]}}],"collection":[{"href":"https:\/\/dreno.com.pl\/index.php\/wp-json\/wp\/v2\/pages"}],"about":[{"href":"https:\/\/dreno.com.pl\/index.php\/wp-json\/wp\/v2\/types\/page"}],"author":[{"embeddable":true,"href":"https:\/\/dreno.com.pl\/index.php\/wp-json\/wp\/v2\/users\/1"}],"replies":[{"embeddable":true,"href":"https:\/\/dreno.com.pl\/index.php\/wp-json\/wp\/v2\/comments?post=113"}],"version-history":[{"count":8,"href":"https:\/\/dreno.com.pl\/index.php\/wp-json\/wp\/v2\/pages\/113\/revisions"}],"predecessor-version":[{"id":800,"href":"https:\/\/dreno.com.pl\/index.php\/wp-json\/wp\/v2\/pages\/113\/revisions\/800"}],"wp:featuredmedia":[{"embeddable":true,"href":"https:\/\/dreno.com.pl\/index.php\/wp-json\/wp\/v2\/media\/774"}],"wp:attachment":[{"href":"https:\/\/dreno.com.pl\/index.php\/wp-json\/wp\/v2\/media?parent=113"}],"curies":[{"name":"wp","href":"https:\/\/api.w.org\/{rel}","templated":true}]}}